{"id":18806,"date":"2021-10-25T14:37:32","date_gmt":"2021-10-25T12:37:32","guid":{"rendered":"https:\/\/www.musee-balzac.fr\/contact\/"},"modified":"2024-01-09T10:54:16","modified_gmt":"2024-01-09T09:54:16","slug":"contact","status":"publish","type":"page","link":"https:\/\/www.musee-balzac.fr\/en\/contact\/","title":{"rendered":"Contact"},"content":{"rendered":"<div id=\"pl-18806\"  class=\"panel-layout\" ><div id=\"pg-18806-0\"  class=\"panel-grid panel-has-style\" ><div class=\"panel-row-style panel-row-style-for-18806-0\" ><div id=\"pgc-18806-0-0\"  class=\"panel-grid-cell\" ><div id=\"panel-18806-0-0-0\" class=\"so-panel widget widget_sow-editor panel-first-child panel-last-child\" data-index=\"0\" ><div\n\t\t\t\n\t\t\tclass=\"so-widget-sow-editor so-widget-sow-editor-base\"\n\t\t\t\n\t\t>\n<div class=\"siteorigin-widget-tinymce textwidget\">\n\t<div class=\"h1-like\">Contact us<\/div>\n<div>\n<div><\/div>\n<div>\n<h3>BY EMAIL<\/h3>\n<p>For any demand or to book an activity :<\/p>\n<p><i class=\"fas fa-inbox \" ><\/i> <a href=\"mailto:\/\/museebalzac@departement-touraine.fr\">museebalzac[@]departement-touraine.fr<\/a><\/p>\n<p>&nbsp;<\/p>\n<\/div>\n<div><span style=\"color: #272727; font-family: butler, sans-serif; font-size: 1.5em; font-weight: bold; text-transform: uppercase;\">BY MAIL<\/span><\/div>\n<div>\n<p>&nbsp;<\/p>\n<p><i class=\"far fa-envelope \" ><\/i> Mus\u00e9e Balzac - Ch\u00e2teau de Sach\u00e9<br \/>\n4 rue du Ch\u00e2teau<br \/>\n37190 Sach\u00e9 - FRANCE<\/p>\n<p>&nbsp;<\/p>\n<\/div>\n<h3>BY PHONE<\/h3>\n<div>\n<p><span style=\"font-size: 1em;\"><i class=\"fas fa-phone-alt \" ><\/i> +33 (0)2 47 26 86 50<\/span><\/p>\n<\/div>\n<\/div>\n<p>&nbsp;<\/p>\n<p>&nbsp;<\/p>\n<h3>PRESS &amp; MEDIA \/ FILMING &amp; PHOTOGRAPHY<\/h3>\n<p><strong>Isabelle COQUELET<\/strong>, promotion officer<br \/>\n<span style=\"font-size: 1em;\"><i class=\"fas fa-phone-alt \" ><\/i> +33 (0)<\/span>2 47 31 43 18<\/p>\n<p><i class=\"fas fa-inbox \" ><\/i> <a href=\"mailto:\/\/icoquelet@departement-touraine.fr\">icoquelet[@]departement-touraine.fr<\/a><\/p>\n<p>&nbsp;<\/p>\n<\/div>\n<\/div><\/div><\/div><\/div><\/div><\/div>","protected":false},"excerpt":{"rendered":"<p>Contact us BY EMAIL For any demand or to book an activity : museebalzac[@]departement-touraine.fr &nbsp; BY MAIL &nbsp; Mus\u00e9e Balzac &#8211; Ch\u00e2teau de Sach\u00e9 4 rue du Ch\u00e2teau 37190 [&hellip;]<\/p>\n","protected":false},"author":10,"featured_media":0,"parent":0,"menu_order":1,"comment_status":"closed","ping_status":"closed","template":"page-contact.php","meta":{"inline_featured_image":false,"footnotes":""},"class_list":["post-18806","page","type-page","status-publish","hentry"],"yoast_head":"<!-- This site is optimized with the Yoast SEO plugin v27.5 - https:\/\/yoast.com\/product\/yoast-seo-wordpress\/ -->\n<title>Contact - Mus\u00e9e Balzac<\/title>\n<meta name=\"robots\" content=\"index, follow, max-snippet:-1, max-image-preview:large, max-video-preview:-1\" \/>\n<link rel=\"canonical\" href=\"https:\/\/www.musee-balzac.fr\/en\/contact\/\" \/>\n<meta name=\"twitter:label1\" content=\"Est. reading time\" \/>\n\t<meta name=\"twitter:data1\" content=\"1 minute\" \/>\n<script type=\"application\/ld+json\" class=\"yoast-schema-graph\">{\"@context\":\"https:\\\/\\\/schema.org\",\"@graph\":[{\"@type\":\"WebPage\",\"@id\":\"https:\\\/\\\/www.musee-balzac.fr\\\/en\\\/contact\\\/\",\"url\":\"https:\\\/\\\/www.musee-balzac.fr\\\/en\\\/contact\\\/\",\"name\":\"Contact - Mus\u00e9e Balzac\",\"isPartOf\":{\"@id\":\"https:\\\/\\\/www.musee-balzac.fr\\\/#website\"},\"datePublished\":\"2021-10-25T12:37:32+00:00\",\"dateModified\":\"2024-01-09T09:54:16+00:00\",\"breadcrumb\":{\"@id\":\"https:\\\/\\\/www.musee-balzac.fr\\\/en\\\/contact\\\/#breadcrumb\"},\"inLanguage\":\"en-US\",\"potentialAction\":[{\"@type\":\"ReadAction\",\"target\":[\"https:\\\/\\\/www.musee-balzac.fr\\\/en\\\/contact\\\/\"]}]},{\"@type\":\"BreadcrumbList\",\"@id\":\"https:\\\/\\\/www.musee-balzac.fr\\\/en\\\/contact\\\/#breadcrumb\",\"itemListElement\":[{\"@type\":\"ListItem\",\"position\":1,\"name\":\"Accueil\",\"item\":\"https:\\\/\\\/www.musee-balzac.fr\\\/en\\\/\"},{\"@type\":\"ListItem\",\"position\":2,\"name\":\"Contact\"}]},{\"@type\":\"WebSite\",\"@id\":\"https:\\\/\\\/www.musee-balzac.fr\\\/#website\",\"url\":\"https:\\\/\\\/www.musee-balzac.fr\\\/\",\"name\":\"Mus\u00e9e Balzac\",\"description\":\"\",\"publisher\":{\"@id\":\"https:\\\/\\\/www.musee-balzac.fr\\\/#organization\"},\"potentialAction\":[{\"@type\":\"SearchAction\",\"target\":{\"@type\":\"EntryPoint\",\"urlTemplate\":\"https:\\\/\\\/www.musee-balzac.fr\\\/?s={search_term_string}\"},\"query-input\":{\"@type\":\"PropertyValueSpecification\",\"valueRequired\":true,\"valueName\":\"search_term_string\"}}],\"inLanguage\":\"en-US\"},{\"@type\":\"Organization\",\"@id\":\"https:\\\/\\\/www.musee-balzac.fr\\\/#organization\",\"name\":\"Mus\u00e9e Balzac\",\"url\":\"https:\\\/\\\/www.musee-balzac.fr\\\/\",\"logo\":{\"@type\":\"ImageObject\",\"inLanguage\":\"en-US\",\"@id\":\"https:\\\/\\\/www.musee-balzac.fr\\\/#\\\/schema\\\/logo\\\/image\\\/\",\"url\":\"https:\\\/\\\/www.musee-balzac.fr\\\/wp-content\\\/uploads\\\/2017\\\/06\\\/Groupe-7253.jpg\",\"contentUrl\":\"https:\\\/\\\/www.musee-balzac.fr\\\/wp-content\\\/uploads\\\/2017\\\/06\\\/Groupe-7253.jpg\",\"width\":232,\"height\":190,\"caption\":\"Mus\u00e9e Balzac\"},\"image\":{\"@id\":\"https:\\\/\\\/www.musee-balzac.fr\\\/#\\\/schema\\\/logo\\\/image\\\/\"}}]}<\/script>\n<!-- \/ Yoast SEO plugin. -->","yoast_head_json":{"title":"Contact - Mus\u00e9e Balzac","robots":{"index":"index","follow":"follow","max-snippet":"max-snippet:-1","max-image-preview":"max-image-preview:large","max-video-preview":"max-video-preview:-1"},"canonical":"https:\/\/www.musee-balzac.fr\/en\/contact\/","twitter_misc":{"Est. reading time":"1 minute"},"schema":{"@context":"https:\/\/schema.org","@graph":[{"@type":"WebPage","@id":"https:\/\/www.musee-balzac.fr\/en\/contact\/","url":"https:\/\/www.musee-balzac.fr\/en\/contact\/","name":"Contact - Mus\u00e9e Balzac","isPartOf":{"@id":"https:\/\/www.musee-balzac.fr\/#website"},"datePublished":"2021-10-25T12:37:32+00:00","dateModified":"2024-01-09T09:54:16+00:00","breadcrumb":{"@id":"https:\/\/www.musee-balzac.fr\/en\/contact\/#breadcrumb"},"inLanguage":"en-US","potentialAction":[{"@type":"ReadAction","target":["https:\/\/www.musee-balzac.fr\/en\/contact\/"]}]},{"@type":"BreadcrumbList","@id":"https:\/\/www.musee-balzac.fr\/en\/contact\/#breadcrumb","itemListElement":[{"@type":"ListItem","position":1,"name":"Accueil","item":"https:\/\/www.musee-balzac.fr\/en\/"},{"@type":"ListItem","position":2,"name":"Contact"}]},{"@type":"WebSite","@id":"https:\/\/www.musee-balzac.fr\/#website","url":"https:\/\/www.musee-balzac.fr\/","name":"Mus\u00e9e Balzac","description":"","publisher":{"@id":"https:\/\/www.musee-balzac.fr\/#organization"},"potentialAction":[{"@type":"SearchAction","target":{"@type":"EntryPoint","urlTemplate":"https:\/\/www.musee-balzac.fr\/?s={search_term_string}"},"query-input":{"@type":"PropertyValueSpecification","valueRequired":true,"valueName":"search_term_string"}}],"inLanguage":"en-US"},{"@type":"Organization","@id":"https:\/\/www.musee-balzac.fr\/#organization","name":"Mus\u00e9e Balzac","url":"https:\/\/www.musee-balzac.fr\/","logo":{"@type":"ImageObject","inLanguage":"en-US","@id":"https:\/\/www.musee-balzac.fr\/#\/schema\/logo\/image\/","url":"https:\/\/www.musee-balzac.fr\/wp-content\/uploads\/2017\/06\/Groupe-7253.jpg","contentUrl":"https:\/\/www.musee-balzac.fr\/wp-content\/uploads\/2017\/06\/Groupe-7253.jpg","width":232,"height":190,"caption":"Mus\u00e9e Balzac"},"image":{"@id":"https:\/\/www.musee-balzac.fr\/#\/schema\/logo\/image\/"}}]}},"_links":{"self":[{"href":"https:\/\/www.musee-balzac.fr\/en\/wp-json\/wp\/v2\/pages\/18806","targetHints":{"allow":["GET"]}}],"collection":[{"href":"https:\/\/www.musee-balzac.fr\/en\/wp-json\/wp\/v2\/pages"}],"about":[{"href":"https:\/\/www.musee-balzac.fr\/en\/wp-json\/wp\/v2\/types\/page"}],"author":[{"embeddable":true,"href":"https:\/\/www.musee-balzac.fr\/en\/wp-json\/wp\/v2\/users\/10"}],"replies":[{"embeddable":true,"href":"https:\/\/www.musee-balzac.fr\/en\/wp-json\/wp\/v2\/comments?post=18806"}],"version-history":[{"count":5,"href":"https:\/\/www.musee-balzac.fr\/en\/wp-json\/wp\/v2\/pages\/18806\/revisions"}],"predecessor-version":[{"id":23091,"href":"https:\/\/www.musee-balzac.fr\/en\/wp-json\/wp\/v2\/pages\/18806\/revisions\/23091"}],"wp:attachment":[{"href":"https:\/\/www.musee-balzac.fr\/en\/wp-json\/wp\/v2\/media?parent=18806"}],"curies":[{"name":"wp","href":"https:\/\/api.w.org\/{rel}","templated":true}]}}

<div id="pl-18806"  class="panel-layout" ><div id="pg-18806-0"  class="panel-grid panel-has-style" ><div class="panel-row-style panel-row-style-for-18806-0" ><div id="pgc-18806-0-0"  class="panel-grid-cell" ><div id="panel-18806-0-0-0" class="so-panel widget widget_sow-editor panel-first-child panel-last-child" data-index="0" ><div
			
			class="so-widget-sow-editor so-widget-sow-editor-base"
			
		>
<div class="siteorigin-widget-tinymce textwidget">
	<div class="h1-like">Contact us</div>
<div>
<div></div>
<div>
<h3>BY EMAIL</h3>
<p>For any demand or to book an activity :</p>
<p><i class="fas fa-inbox " ></i> <a href="mailto://museebalzac@departement-touraine.fr">museebalzac[@]departement-touraine.fr</a></p>
<p>&nbsp;</p>
</div>
<div><span style="color: #272727; font-family: butler, sans-serif; font-size: 1.5em; font-weight: bold; text-transform: uppercase;">BY MAIL</span></div>
<div>
<p>&nbsp;</p>
<p><i class="far fa-envelope " ></i> Musée Balzac - Château de Saché<br />
4 rue du Château<br />
37190 Saché - FRANCE</p>
<p>&nbsp;</p>
</div>
<h3>BY PHONE</h3>
<div>
<p><span style="font-size: 1em;"><i class="fas fa-phone-alt " ></i> +33 (0)2 47 26 86 50</span></p>
</div>
</div>
<p>&nbsp;</p>
<p>&nbsp;</p>
<h3>PRESS &amp; MEDIA / FILMING &amp; PHOTOGRAPHY</h3>
<p><strong>Isabelle COQUELET</strong>, promotion officer<br />
<span style="font-size: 1em;"><i class="fas fa-phone-alt " ></i> +33 (0)</span>2 47 31 43 18</p>
<p><i class="fas fa-inbox " ></i> <a href="mailto://icoquelet@departement-touraine.fr">icoquelet[@]departement-touraine.fr</a></p>
<p>&nbsp;</p>
</div>
</div></div></div></div></div></div>

<p>Contact us BY EMAIL For any demand or to book an activity : museebalzac[@]departement-touraine.fr &nbsp; BY MAIL &nbsp; Musée Balzac &#8211; Château de Saché 4 rue du Château 37190 [&hellip;]</p>

<!-- This site is optimized with the Yoast SEO plugin v27.5 - https://yoast.com/product/yoast-seo-wordpress/ -->
<title>Contact - Musée Balzac</title>
<meta name="robots" content="index, follow, max-snippet:-1, max-image-preview:large, max-video-preview:-1" />
<link rel="canonical" href="https://www.musee-balzac.fr/en/contact/" />
<meta name="twitter:label1" content="Est. reading time" />
	<meta name="twitter:data1" content="1 minute" />
<script type="application/ld+json" class="yoast-schema-graph">{"@context":"https:\/\/schema.org","@graph":[{"@type":"WebPage","@id":"https:\/\/www.musee-balzac.fr\/en\/contact\/","url":"https:\/\/www.musee-balzac.fr\/en\/contact\/","name":"Contact - Musée Balzac","isPartOf":{"@id":"https:\/\/www.musee-balzac.fr\/#website"},"datePublished":"2021-10-25T12:37:32+00:00","dateModified":"2024-01-09T09:54:16+00:00","breadcrumb":{"@id":"https:\/\/www.musee-balzac.fr\/en\/contact\/#breadcrumb"},"inLanguage":"en-US","potentialAction":[{"@type":"ReadAction","target":["https:\/\/www.musee-balzac.fr\/en\/contact\/"]}]},{"@type":"BreadcrumbList","@id":"https:\/\/www.musee-balzac.fr\/en\/contact\/#breadcrumb","itemListElement":[{"@type":"ListItem","position":1,"name":"Accueil","item":"https:\/\/www.musee-balzac.fr\/en\/"},{"@type":"ListItem","position":2,"name":"Contact"}]},{"@type":"WebSite","@id":"https:\/\/www.musee-balzac.fr\/#website","url":"https:\/\/www.musee-balzac.fr\/","name":"Musée Balzac","description":"","publisher":{"@id":"https:\/\/www.musee-balzac.fr\/#organization"},"potentialAction":[{"@type":"SearchAction","target":{"@type":"EntryPoint","urlTemplate":"https:\/\/www.musee-balzac.fr\/?s={search_term_string}"},"query-input":{"@type":"PropertyValueSpecification","valueRequired":true,"valueName":"search_term_string"}}],"inLanguage":"en-US"},{"@type":"Organization","@id":"https:\/\/www.musee-balzac.fr\/#organization","name":"Musée Balzac","url":"https:\/\/www.musee-balzac.fr\/","logo":{"@type":"ImageObject","inLanguage":"en-US","@id":"https:\/\/www.musee-balzac.fr\/#\/schema\/logo\/image\/","url":"https:\/\/www.musee-balzac.fr\/wp-content\/uploads\/2017\/06\/Groupe-7253.jpg","contentUrl":"https:\/\/www.musee-balzac.fr\/wp-content\/uploads\/2017\/06\/Groupe-7253.jpg","width":232,"height":190,"caption":"Musée Balzac"},"image":{"@id":"https:\/\/www.musee-balzac.fr\/#\/schema\/logo\/image\/"}}]}</script>
<!-- / Yoast SEO plugin. -->

Contact - Musée Balzac

Musée Balzac
